 - 14. Suppose 53 = -z*b + 63. Suppose 0 = -3*x - b*k + 203, 5*x + k - 335 = -4*k. List the prime factors of x.
2, 3, 11
Suppose 5*c - 19*c + 28 = 0. Suppose -c*k + 177 = 5*n, 5*k - 3*n - 111 = 409. What are the prime factors of k?
101
Suppose 174394 = 15*h - 65052 - 23669. List the prime factors of h.
3, 1949
Let a(n) = -n**2 - 7*n + 8. Let w be a(-4). Let p(f) = -2*f**3 - 7*f**2 + 7*f. Let u be p(-6). Suppose w*v - 17*v = u. What are the prime factors of v?
2, 23
Let f(o) = o**3 - 9*o**2 - 23*o + 3. Let x be f(11). What are the prime factors of (10 + -12)*(-1)/(x/(-708))?
3, 59
Suppose 31 = 28*o + 479. List the prime factors of ((-3)/9*o)/(2/255).
2, 5, 17
Let f = -3207 + 9227. List the prime factors of f.
2, 5, 7, 43
Let c = 10711 - 8161. List the prime factors of c.
2, 3, 5, 17
Suppose 4*l + 2*z - 36416 = 0, -121*l + 45533 = -116*l - 4*z. List the prime factors of l.
3, 5, 607
Suppose -m + 2*m - 2*p - 9 = 0, -5*m = -3*p - 66. Suppose -32*o + m = -31*o. Suppose -o*l + 2750 + 955 = 0. List the prime factors of l.
13, 19
Suppose -4*g = 2*z - 53320, -g - 4*z = 2*g - 39975. List the prime factors of g.
67, 199
List the prime factors of ((-11)/3)/((-931)/734559).
11, 263
Let b = 15175 - 10789. List the prime factors of b.
2, 3, 17, 43
Suppose 4*n - 24 = 0, -5*q + 3*n + 11476 = -8671. What are the prime factors of q?
37, 109
Let o(u) = u**3 + u**2 + u + 323. Let x be o(0). Let r = x - 134. Suppose -11*b = -14*b + r. What are the prime factors of b?
3, 7
Let b = 520 - 255. Let k = b + -140. Suppose 0 = 2*z + 4*u - 136 + 26, 2*z = u + k. List the prime factors of z.
61
What are the prime factors of (-1474795)/(-28) + (-8)/32?
3, 97, 181
Let m = -1317 + 1979. Let v = m + -452. Suppose 14*y = 19*y - v. What are the prime factors of y?
2, 3, 7
Let x = -1 - -6. Suppose 0 = x*k - 7*k. Suppose -2*p - 2 = k, d - 5*d + 9 = -p. What are the prime factors of d?
2
Let v(q) = 4*q**2 - 8*q - 11. Let a be v(5). Let p = 215 - a. What are the prime factors of p?
2, 83
Suppose -42544*w = -42564*w + 377580. What are the prime factors of w?
3, 7, 29, 31
Suppose 2*j = -a + 2*a, -1 = 2*a - 5*j. List the prime factors of 6 + -2 + 279*a.
2, 281
Let g = -4 - -2. Let i be (33 - 1)/(-1 + (-5)/(-10)). Let c = g - i. What are the prime factors of c?
2, 31
Let r(l) = -l**2 - 4*l + 11. Suppose 0 = 4*s - 3*s + 5. Let k be r(s). List the prime factors of (1 + -18)*-1*(-5 + k).
17
Let r(g) = g**3 - 15*g**2 + 18*g - 51. Let k be r(14). Suppose -w = -1, -730 = -k*x - w - 124. What are the prime factors of x?
11
Suppose -2*b - 36 = 4*r, -2*b + b = -r + 18. Let w(l) = -13*l - 108. List the prime factors of w(b).
2, 3, 7
Let m(j) = -7*j - 25. Suppose 4*p + 8*p = 48. Suppose 54 = -2*g - p*b, g - 5*b + 0 = -6. List the prime factors of m(g).
2, 61
Let q(p) = 1. Let m(c) = c**2 - 2*c - 2. Let w be m(3). Let v(f) = 2*f**3 + 15*f**2 + 6*f + 3. Let x(u) = w*v(u) - 3*q(u). What are the prime factors of x(-7)?
7
Suppose -23*d + 7 = 30. Let c(l) = -499*l**3 - 3*l - 4. List the prime factors of c(d).
2, 3, 83
Suppose 74*r + 26262 = 77*r - 4*k, 0 = -r + k + 8755. List the prime factors of r.
2, 29, 151
Let a = 29 + -24. Suppose a = 2*f - 1. Suppose -f*r + r + 238 = 0. List the prime factors of r.
7, 17
Let r(f) = -f + 3. Let v be r(0). Suppose -t = -2*t - v. What are the prime factors of t*-3*32/18?
2
Let s(d) = -9*d - 8*d**3 - 11*d**2 + 2*d**3 + 7*d**3 + 0*d**3 + 7. Let q be s(9). Let c = -87 - q. What are the prime factors of c?
149
Suppose -3*l = -5*t - 71735, t = l - 3*t - 23907. List the prime factors of l.
5, 4783
Let m be (19/57)/((-3)/(-11565)). Suppose 4*j - 5*x = m, 0 = -5*x + 15. What are the prime factors of j?
5, 13
Let v = 102 - 102. Suppose n - 5*f = -19, 4*n + f + 0*f - 29 = v. Suppose n*i - 202 = 542. What are the prime factors of i?
2, 31
Let n(h) = 60*h**2 - 2*h - 173*h**2 + 60*h**2 + 54*h**2 - 35. What are the prime factors of n(-6)?
13
Let g = -88 + 421. Suppose d + d - 3*r - g = 0, 2*d - 2*r - 332 = 0. What are the prime factors of d?
3, 5, 11
Suppose -36*r + 57*r = 34419. Let h = -451 + r. What are the prime factors of h?
2, 3, 11
Let a = -218 - -213. List the prime factors of 112/(-120)*-387 - 4/a.
2, 181
Let q(c) = -c**3 + 6*c**2 + 6*c + 12. Let u be q(7). Suppose u*a - p = 2*p - 191, -5*p = 2*a + 64. List the prime factors of a/((-40)/12 - -3).
3, 37
Suppose r = 5*b - 17, r + 3 = 2*b - 2. Let t(m) = 8*m**3 - 3*m**2 - 8*m - 7. List the prime factors of t(b).
5, 17
What are the prime factors of (-3 - -50)*(-4*1 - (-80 + -25))?
47, 101
Let u(p) = -435*p**3 - 4*p**2 - 39*p - 163. What are the prime factors of u(-4)?
7, 3967
Suppose 0 = 3*k - 7*k + 93008 - 21680. List the prime factors of k.
2, 3, 743
Let n(s) = 9*s**2 + 47*s + 9. Let a be n(-5). Suppose 3*t - 361 = 5*i, 0*t + 5*i = -2*t + 249. Let d = a + t. List the prime factors of d.
11
Let s = -403 - -425. List the prime factors of s*90/8*2/3.
3, 5, 11
Let t = 1309 - 1312. Let l be (2/(-4))/(2/12). What are the prime factors of t + 106 + 0 - l?
2, 53
Suppose -3*c = -5*r + 84, 11 = -3*c + 2*r - 82. Let l = c - -33. Suppose -4*q - 5*s + 506 = l, 5*q + 128 = s + 746. List the prime factors of q.
2, 31
Let m = -197 - 125. Let g = m + 648. What are the prime factors of g?
2, 163
Let w be ((-1)/((-2)/(-8)))/((-7)/(-35)). Let h = w - -18. What are the prime factors of 15/20*h*12*-2?
2, 3
Suppose -h - z - 4*z = -5, -4*h - 16 = 2*z. Let c be 2/h + -1*(-54)/10. Suppose -799 = -c*a - 12*a. What are the prime factors of a?
47
Let c be (3/(-1))/((-4)/(-1012)). Let i = 1148 + c. List the prime factors of i.
389
Let j(d) = d**2 - 7*d + 8. Let x be j(4). Let h be (1 + x)/((-3)/16). Suppose 4 - h = -4*w. What are the prime factors of w?
3
Suppose -1029*j + 1061*j = 1049280. What are the prime factors of j?
2, 3, 5, 1093
Suppose -24 = -6*t + 102. Let h = 164 + t. List the prime factors of h.
5, 37
Suppose -63*r + 4970 = 2*b - 65*r, -2*r - 2487 = -b. List the prime factors of b.
13, 191
Suppose -3*s + 15 = -q, -5*q - 113 = -5*s + 2. Let c = 27 + q. Suppose c*j - 6*j + 672 = 0. What are the prime factors of j?
2, 7
Let b(d) = 1. Let t = -43 - -44. Let k(p) = -20*p - 37. Let n(l) = t*k(l) + 6*b(l). What are the prime factors of n(-8)?
3, 43
Let i = -255 - -203. Let l be (46/(-8))/((-14)/(-56)). Let v = l - i. What are the prime factors of v?
29
Let c(l) = -1854*l + 2899. What are the prime factors of c(-12)?
25147
Suppose 40*n - 444 = 36*n. Suppose -n = -2*i - i - 3*k, -47 = -i - 3*k. Suppose 36*v = i*v + 448. What are the prime factors of v?
2, 7
Suppose 5*f - 3*j = 18, -2*f + 0*f + 4*j = -10. Suppose -f*u + 2117 = -5*k, 4*u + 5*k = k + 2844. What are the prime factors of u?
709
Let x be (0 - -5) + 3 + 1186. Suppose 6*o - x = 858. List the prime factors of o.
2, 3, 19
Let f(m) = -2*m**2 - 22*m - 2. Let d be f(1). What are the prime factors of (d - -27)*(0 + 169)?
13
What are the prime factors of 11963*(-682)/(-385) - (-14)/10?
21193
Let f(t) = -t**3 + 28*t**2 - 37*t + 47. Let m be f(27). Let w = m - -138. Let r = 178 - w. List the prime factors of r.
263
Let n(b) = 84*b - 85. Let o be n(6). Suppose -o = -x + 219. What are the prime factors of x?
2, 11, 29
Let j(k) = -k + 18. Let u be j(15). Let b(x) = -3*x - u - 11*x + 41. What are the prime factors of b(-6)?
2, 61
Suppose -4*g - 50 - 18 = 5*r, -r - g = 14. Let v be (18/r)/(4/(1040/(-3))). Suppose -3*s + v = -152. What are the prime factors of s?
2, 47
Suppose 3*v - 854 = -857. What are the prime factors of v/2 + (-2805)/(-6)?
467
What are the prime factors of ((-3975)/530)/((-3)/4906)?
5, 11, 223
Let n(y) = 12*y**2 + 14*y - 12. Let h(i) = i**3 - 7*i**2 - 7*i + 1. Let j be h(8). Let p be n(j). List the prime factors of 8/20 + 2 + p/10.
3, 37
Let o(s) be the second derivative of 13*s**4/12 - 5*s**3 - 9*s**2/2 + 25*s. Let r(c) be the first derivative of o(c). List the prime factors of r(4).
2, 37
Let k(r) = 7*r**2 + 96*r - 2971. List the prime factors of k(-63).
2, 4691
Suppose 8*o + 5*m + 178745 = 13*o, m = 4*o - 142996. List the prime factors of o.
7, 5107
Let l = -137 + 139. List the prime factors of l + 0 + 151 - (-21 + 23).
151
Suppose 0 = 2*b - 0*b + 164. Let u be (-5)/(-15) + 2944/(-48). Let z = u - b. What are the prime factors of z?
3, 7
Let q(n) = 374*n**2 + 99*n - 405. What ar